{"id":34,"date":"2025-10-27T17:04:26","date_gmt":"2025-10-27T20:04:26","guid":{"rendered":"https:\/\/salibom.com.br\/edicao2025\/?page_id=34"},"modified":"2025-11-12T09:05:58","modified_gmt":"2025-11-12T12:05:58","slug":"programacao-cultural","status":"publish","type":"page","link":"https:\/\/salibom.com.br\/edicao2025\/programacao-cultural\/","title":{"rendered":"Programa\u00e7\u00e3o Cultural\u00a0"},"content":{"rendered":"\n<h2 class=\"wp-block-heading\">\ud83d\udcc5 <strong>Quarta-feira \u2013 12 de novembro<\/strong><\/h2>\n\n\n\n<h4 class=\"wp-block-heading\"><strong>Programa\u00e7\u00e3o de Abertura<\/strong><\/h4>\n\n\n\n<p><strong>18h30<\/strong> \u2013 Solenidade Oficial de Abertura do 7\u00ba SaLiBom<br><em>Discursos de autoridades e homenageados.<\/em><\/p>\n\n\n\n<p><strong>20h00<\/strong> \u2013 <strong>Palestra de Abertura:<\/strong> <em>Ser\u00e1 que estamos sozinhos no Universo?<\/em><br><strong>Palestrante:<\/strong> S\u00e9rgio Sacani (PR)<\/p>\n\n\n\n<hr class=\"wp-block-separator has-alpha-channel-opacity\"\/>\n\n\n\n<h2 class=\"wp-block-heading\">\ud83d\udcc5 <strong>Quinta-feira \u2013 13 de novembro<\/strong><\/h2>\n\n\n\n<h4 class=\"wp-block-heading\"><strong>Encontro de Estudantes com Autores (Manh\u00e3)<\/strong><\/h4>\n\n\n\n<p><strong>9h00<\/strong> \u2013 <em>SER_TAUM \u2013 Mem\u00f3rias Afetivas de Artistas Piauienses<\/em><br><strong>Participantes:<\/strong> Pedro Vidal (PI), Carol Ribeiro (MA), Andrei Nunes (PI), Eul\u00e1lia Pessoa (PI), Maria Eug\u00eania (PI)<br><strong>Apresenta\u00e7\u00e3o\/Media\u00e7\u00e3o:<\/strong> Jasmine Malta (PI)<\/p>\n\n\n\n<p><strong>10h30<\/strong> \u2013 <em>Bate-Papo Liter\u00e1rio e Lan\u00e7amento do Livro \u201cOssos da Serra\u201d<\/em><br><strong>Autor:<\/strong> Normandes Malta (PI)<br><strong>Apresenta\u00e7\u00e3o\/Media\u00e7\u00e3o:<\/strong> Jasmine Malta (PI)<\/p>\n\n\n\n<h4 class=\"wp-block-heading\"><strong>Semin\u00e1rio de Educa\u00e7\u00e3o (Tarde)<\/strong><\/h4>\n\n\n\n<p><strong>14h00<\/strong> \u2013 <em>Educar com IA ou se educar para a IA? O futuro dos jovens nesta desafiante era!<\/em><br><strong>Palestrante:<\/strong> Dr. Marcelo Mesquita (SP)<br><strong>Apresenta\u00e7\u00e3o\/Media\u00e7\u00e3o:<\/strong> Everaldo Moreira (PI)<\/p>\n\n\n\n<p><strong>15h00<\/strong> \u2013 <em>Literatura para a inf\u00e2ncia: temas pol\u00eamicos e narra\u00e7\u00e3o oral<\/em><br><strong>Palestrante:<\/strong> Prof. Dr. Cl\u00e9ber Fabiano (PR)<br><strong>Apresenta\u00e7\u00e3o\/Media\u00e7\u00e3o:<\/strong> Old\u00eania Guerra (PI)<\/p>\n\n\n\n<p><strong>16h00<\/strong> \u2013 <em>Bate-Papo Liter\u00e1rio e Lan\u00e7amento do Livro \u201cIntimidade com Jesus\u201d<\/em><br><strong>Autor:<\/strong> Padre Jefferson (PI)<br><strong>Apresenta\u00e7\u00e3o\/Media\u00e7\u00e3o:<\/strong> St\u00e9lio Bezerra (PI)<\/p>\n\n\n\n<p><strong>17h00<\/strong> \u2013 Espet\u00e1culo <em>Fogo de Palha<\/em> \u2013 Grupo COTJOC<\/p>\n\n\n\n<h4 class=\"wp-block-heading\"><strong>Circuito de Palestras (Noite)<\/strong><\/h4>\n\n\n\n<p><strong>19h30<\/strong> \u2013 <em>Quando o professor acredita, a educa\u00e7\u00e3o acontece<\/em><br><strong>Palestrante:<\/strong> Hamilton Werneck (ES)<br><strong>Apresenta\u00e7\u00e3o\/Media\u00e7\u00e3o:<\/strong> Edilva Barbosa (PI)<\/p>\n\n\n\n<hr class=\"wp-block-separator has-alpha-channel-opacity\"\/>\n\n\n\n<h2 class=\"wp-block-heading\">\ud83d\udcc5 <strong>Sexta-feira \u2013 14 de novembro<\/strong><\/h2>\n\n\n\n<h4 class=\"wp-block-heading\"><strong>Encontro de Estudantes com Autores (Manh\u00e3)<\/strong><\/h4>\n\n\n\n<p><strong>8h30<\/strong> \u2013 <em>A Guardi\u00e3 do Planeta<\/em> \u2013 Coletivo CAPEMGA<\/p>\n\n\n\n<p><strong>9h00<\/strong> \u2013 <em>A poesia e o ensino: dilemas e desafios<\/em><br><strong>Palestrantes:<\/strong> Wanderson Lima (PI) e Adriano Lob\u00e3o Arag\u00e3o (PI)<br><strong>Apresenta\u00e7\u00e3o\/Media\u00e7\u00e3o:<\/strong> \u2014<\/p>\n\n\n\n<p><strong>10h30<\/strong> \u2013 <em>Performance Liter\u00e1ria com o Coletivo CAPEMGA &amp; Lan\u00e7amento do Livro \u201cNenhuma Poesia\u201d<\/em><br><strong>Autora:<\/strong> Bid Lima (PI)<br><strong>Apresenta\u00e7\u00e3o\/Media\u00e7\u00e3o:<\/strong> Luiz Romero (PI)<\/p>\n\n\n\n<h4 class=\"wp-block-heading\"><strong>Semin\u00e1rio de Educa\u00e7\u00e3o (Tarde)<\/strong><\/h4>\n\n\n\n<p><strong>14h00<\/strong> \u2013 <em>Bate-Papo com Escritores Bonjesuenses<\/em><br><strong>Participantes:<\/strong> Adelmir Andrade (PI), Carlyle G\u00f3is Miranda (PI), Lourival Leal (PI), Talyne Lima (PI)<br><strong>Media\u00e7\u00e3o:<\/strong> Prof. Luiz Romero Lima (PI)<\/p>\n\n\n\n<p><strong>16h00<\/strong> \u2013 <em>Bate-Papo Liter\u00e1rio e Lan\u00e7amento do Livro \u201cAs Hist\u00f3rias de Jo\u00e3o Maia\u201d<\/em><br><strong>Autor:<\/strong> Jo\u00e3o Maia (PI\/SP)<br><strong>Apresenta\u00e7\u00e3o\/Media\u00e7\u00e3o:<\/strong> St\u00e9lio Bezerra (PI)<\/p>\n\n\n\n<p><strong>17h00<\/strong> \u2013 Espet\u00e1culo Teatral <em>Pejorativo<\/em> \u2013 Coletivo CAPEMGA<\/p>\n\n\n\n<h4 class=\"wp-block-heading\"><strong>Circuito de Palestras (Noite)<\/strong><\/h4>\n\n\n\n<p><strong>19h30<\/strong> \u2013 <em>Palestra de Encerramento com Renato Noguera (RJ)<\/em><br><strong>Apresenta\u00e7\u00e3o\/Media\u00e7\u00e3o:<\/strong> St\u00e9lio Bezerra (PI)<\/p>\n\n\n\n<hr class=\"wp-block-separator has-alpha-channel-opacity\"\/>\n\n\n\n<h2 class=\"wp-block-heading\">\ud83d\udcda Arena Infantil \u2013 Central de Exposi\u00e7\u00f5es e Oficinas<\/h2>\n\n\n\n<h3 class=\"wp-block-heading\"><strong>Quinta-feira \u2013 13 de novembro<\/strong><\/h3>\n\n\n\n<h4 class=\"wp-block-heading\"><strong>Manh\u00e3<\/strong><\/h4>\n\n\n\n<p><strong>8h30<\/strong> \u2013 <em>Jandinho e o Her\u00f3i da Floresta: O Sapo-Cururu<\/em><br><strong>Autor:<\/strong> Janderson Maia de Andrade (PI)<br><strong>Local:<\/strong> Espa\u00e7o Cultural Mestre Joaquim Carlota<\/p>\n\n\n\n<p><strong>9h30<\/strong> \u2013 <em>Conta\u00e7\u00e3o de Hist\u00f3rias | Teatro de Bonecos<\/em><br><strong>Apresentadores:<\/strong> Chagas Vale (PI) e Thalita do Monte (PI)<br><strong>Local:<\/strong> Espa\u00e7o Cultural Mestre Joaquim Carlota<\/p>\n\n\n\n<h4 class=\"wp-block-heading\"><strong>Tarde<\/strong><\/h4>\n\n\n\n<p><strong>14h30<\/strong> \u2013 <em>Oficina de Express\u00e3o Art\u00edstica SER_TAUM<\/em><br><strong>Local:<\/strong> Espa\u00e7o Cultural Mestre Joaquim Carlota<\/p>\n\n\n\n<hr class=\"wp-block-separator has-alpha-channel-opacity\"\/>\n\n\n\n<h3 class=\"wp-block-heading\"><strong>Sexta-feira \u2013 14 de novembro<\/strong><\/h3>\n\n\n\n<h4 class=\"wp-block-heading\"><strong>Manh\u00e3<\/strong><\/h4>\n\n\n\n<p><strong>8h30<\/strong> \u2013 <em>Jandinho e o Her\u00f3i da Floresta: O Sapo-Cururu<\/em><br><strong>Autor:<\/strong> Janderson Maia de Andrade (PI)<br><strong>Local:<\/strong> Espa\u00e7o Cultural Mestre Joaquim Carlota<\/p>\n\n\n\n<p><strong>9h30<\/strong> \u2013 <em>Conta\u00e7\u00e3o de Hist\u00f3rias | Teatro de Bonecos<\/em><br><strong>Apresentadores:<\/strong> Chagas Vale (PI) e Thalita do Monte (PI)<br><strong>Local:<\/strong> Espa\u00e7o Cultural Mestre Joaquim Carlota<\/p>\n\n\n\n<h4 class=\"wp-block-heading\"><strong>Tarde<\/strong><\/h4>\n\n\n\n<p><strong>14h30<\/strong> \u2013 <em>Oficina de Express\u00e3o Art\u00edstica SER_TAUM<\/em><br><strong>Local:<\/strong> Espa\u00e7o Cultural Mestre Joaquim Carlota<\/p>\n","protected":false},"excerpt":{"rendered":"<p>\ud83d\udcc5 Quarta-feira \u2013 12 de novembro Programa\u00e7\u00e3o de Abertura 18h30 \u2013 Solenidade Oficial de Abertura do 7\u00ba SaLiBomDiscursos de autoridades e homenageados. 20h00 \u2013 Palestra de Abertura: Ser\u00e1 que estamos sozinhos no Universo?Palestrante: S\u00e9rgio Sacani (PR) \ud83d\udcc5 Quinta-feira \u2013 13 de novembro Encontro de Estudantes com Autores (Manh\u00e3) 9h00 \u2013 SER_TAUM \u2013 Mem\u00f3rias Afetivas de [&hellip;]<\/p>\n","protected":false},"author":1,"featured_media":0,"parent":0,"menu_order":0,"comment_status":"closed","ping_status":"closed","template":"","meta":{"footnotes":""},"class_list":["post-34","page","type-page","status-publish","hentry"],"yoast_head":"<!-- This site is optimized with the Yoast SEO plugin v26.3 - https:\/\/yoast.com\/wordpress\/plugins\/seo\/ -->\n<title>Programa\u00e7\u00e3o Cultural\u00a0 - 7\u00ba Sal\u00e3o do Livro de Bom Jesus - SaLiBom<\/title>\n<meta name=\"robots\" content=\"index, follow, max-snippet:-1, max-image-preview:large, max-video-preview:-1\" \/>\n<link rel=\"canonical\" href=\"https:\/\/salibom.com.br\/edicao2025\/programacao-cultural\/\" \/>\n<meta property=\"og:locale\" content=\"pt_BR\" \/>\n<meta property=\"og:type\" content=\"article\" \/>\n<meta property=\"og:title\" content=\"Programa\u00e7\u00e3o Cultural\u00a0 - 7\u00ba Sal\u00e3o do Livro de Bom Jesus - SaLiBom\" \/>\n<meta property=\"og:description\" content=\"\ud83d\udcc5 Quarta-feira \u2013 12 de novembro Programa\u00e7\u00e3o de Abertura 18h30 \u2013 Solenidade Oficial de Abertura do 7\u00ba SaLiBomDiscursos de autoridades e homenageados. 20h00 \u2013 Palestra de Abertura: Ser\u00e1 que estamos sozinhos no Universo?Palestrante: S\u00e9rgio Sacani (PR) \ud83d\udcc5 Quinta-feira \u2013 13 de novembro Encontro de Estudantes com Autores (Manh\u00e3) 9h00 \u2013 SER_TAUM \u2013 Mem\u00f3rias Afetivas de [&hellip;]\" \/>\n<meta property=\"og:url\" content=\"https:\/\/salibom.com.br\/edicao2025\/programacao-cultural\/\" \/>\n<meta property=\"og:site_name\" content=\"7\u00ba Sal\u00e3o do Livro de Bom Jesus - SaLiBom\" \/>\n<meta property=\"article:modified_time\" content=\"2025-11-12T12:05:58+00:00\" \/>\n<meta name=\"twitter:card\" content=\"summary_large_image\" \/>\n<meta name=\"twitter:label1\" content=\"Est. tempo de leitura\" \/>\n\t<meta name=\"twitter:data1\" content=\"3 minutos\" \/>\n<script type=\"application\/ld+json\" class=\"yoast-schema-graph\">{\"@context\":\"https:\/\/schema.org\",\"@graph\":[{\"@type\":\"WebPage\",\"@id\":\"https:\/\/salibom.com.br\/edicao2025\/programacao-cultural\/\",\"url\":\"https:\/\/salibom.com.br\/edicao2025\/programacao-cultural\/\",\"name\":\"Programa\u00e7\u00e3o Cultural\u00a0 - 7\u00ba Sal\u00e3o do Livro de Bom Jesus - SaLiBom\",\"isPartOf\":{\"@id\":\"https:\/\/salibom.com.br\/edicao2025\/#website\"},\"datePublished\":\"2025-10-27T20:04:26+00:00\",\"dateModified\":\"2025-11-12T12:05:58+00:00\",\"breadcrumb\":{\"@id\":\"https:\/\/salibom.com.br\/edicao2025\/programacao-cultural\/#breadcrumb\"},\"inLanguage\":\"pt-BR\",\"potentialAction\":[{\"@type\":\"ReadAction\",\"target\":[\"https:\/\/salibom.com.br\/edicao2025\/programacao-cultural\/\"]}]},{\"@type\":\"BreadcrumbList\",\"@id\":\"https:\/\/salibom.com.br\/edicao2025\/programacao-cultural\/#breadcrumb\",\"itemListElement\":[{\"@type\":\"ListItem\",\"position\":1,\"name\":\"In\u00edcio\",\"item\":\"https:\/\/salibom.com.br\/edicao2025\/\"},{\"@type\":\"ListItem\",\"position\":2,\"name\":\"Programa\u00e7\u00e3o Cultural\u00a0\"}]},{\"@type\":\"WebSite\",\"@id\":\"https:\/\/salibom.com.br\/edicao2025\/#website\",\"url\":\"https:\/\/salibom.com.br\/edicao2025\/\",\"name\":\"7\u00ba Sal\u00e3o do Livro de Bom Jesus - SaLiBom\",\"description\":\"\",\"publisher\":{\"@id\":\"https:\/\/salibom.com.br\/edicao2025\/#organization\"},\"potentialAction\":[{\"@type\":\"SearchAction\",\"target\":{\"@type\":\"EntryPoint\",\"urlTemplate\":\"https:\/\/salibom.com.br\/edicao2025\/?s={search_term_string}\"},\"query-input\":{\"@type\":\"PropertyValueSpecification\",\"valueRequired\":true,\"valueName\":\"search_term_string\"}}],\"inLanguage\":\"pt-BR\"},{\"@type\":\"Organization\",\"@id\":\"https:\/\/salibom.com.br\/edicao2025\/#organization\",\"name\":\"7\u00ba Sal\u00e3o do Livro de Bom Jesus - SaLiBom\",\"url\":\"https:\/\/salibom.com.br\/edicao2025\/\",\"logo\":{\"@type\":\"ImageObject\",\"inLanguage\":\"pt-BR\",\"@id\":\"https:\/\/salibom.com.br\/edicao2025\/#\/schema\/logo\/image\/\",\"url\":\"https:\/\/salibom.com.br\/edicao2025\/wp-content\/uploads\/2025\/10\/cropped-SaLiBom-2025-logomarca1-1-1.webp\",\"contentUrl\":\"https:\/\/salibom.com.br\/edicao2025\/wp-content\/uploads\/2025\/10\/cropped-SaLiBom-2025-logomarca1-1-1.webp\",\"width\":514,\"height\":400,\"caption\":\"7\u00ba Sal\u00e3o do Livro de Bom Jesus - SaLiBom\"},\"image\":{\"@id\":\"https:\/\/salibom.com.br\/edicao2025\/#\/schema\/logo\/image\/\"}}]}<\/script>\n<!-- \/ Yoast SEO plugin. -->","yoast_head_json":{"title":"Programa\u00e7\u00e3o Cultural\u00a0 - 7\u00ba Sal\u00e3o do Livro de Bom Jesus - SaLiBom","robots":{"index":"index","follow":"follow","max-snippet":"max-snippet:-1","max-image-preview":"max-image-preview:large","max-video-preview":"max-video-preview:-1"},"canonical":"https:\/\/salibom.com.br\/edicao2025\/programacao-cultural\/","og_locale":"pt_BR","og_type":"article","og_title":"Programa\u00e7\u00e3o Cultural\u00a0 - 7\u00ba Sal\u00e3o do Livro de Bom Jesus - SaLiBom","og_description":"\ud83d\udcc5 Quarta-feira \u2013 12 de novembro Programa\u00e7\u00e3o de Abertura 18h30 \u2013 Solenidade Oficial de Abertura do 7\u00ba SaLiBomDiscursos de autoridades e homenageados. 20h00 \u2013 Palestra de Abertura: Ser\u00e1 que estamos sozinhos no Universo?Palestrante: S\u00e9rgio Sacani (PR) \ud83d\udcc5 Quinta-feira \u2013 13 de novembro Encontro de Estudantes com Autores (Manh\u00e3) 9h00 \u2013 SER_TAUM \u2013 Mem\u00f3rias Afetivas de [&hellip;]","og_url":"https:\/\/salibom.com.br\/edicao2025\/programacao-cultural\/","og_site_name":"7\u00ba Sal\u00e3o do Livro de Bom Jesus - SaLiBom","article_modified_time":"2025-11-12T12:05:58+00:00","twitter_card":"summary_large_image","twitter_misc":{"Est. tempo de leitura":"3 minutos"},"schema":{"@context":"https:\/\/schema.org","@graph":[{"@type":"WebPage","@id":"https:\/\/salibom.com.br\/edicao2025\/programacao-cultural\/","url":"https:\/\/salibom.com.br\/edicao2025\/programacao-cultural\/","name":"Programa\u00e7\u00e3o Cultural\u00a0 - 7\u00ba Sal\u00e3o do Livro de Bom Jesus - SaLiBom","isPartOf":{"@id":"https:\/\/salibom.com.br\/edicao2025\/#website"},"datePublished":"2025-10-27T20:04:26+00:00","dateModified":"2025-11-12T12:05:58+00:00","breadcrumb":{"@id":"https:\/\/salibom.com.br\/edicao2025\/programacao-cultural\/#breadcrumb"},"inLanguage":"pt-BR","potentialAction":[{"@type":"ReadAction","target":["https:\/\/salibom.com.br\/edicao2025\/programacao-cultural\/"]}]},{"@type":"BreadcrumbList","@id":"https:\/\/salibom.com.br\/edicao2025\/programacao-cultural\/#breadcrumb","itemListElement":[{"@type":"ListItem","position":1,"name":"In\u00edcio","item":"https:\/\/salibom.com.br\/edicao2025\/"},{"@type":"ListItem","position":2,"name":"Programa\u00e7\u00e3o Cultural\u00a0"}]},{"@type":"WebSite","@id":"https:\/\/salibom.com.br\/edicao2025\/#website","url":"https:\/\/salibom.com.br\/edicao2025\/","name":"7\u00ba Sal\u00e3o do Livro de Bom Jesus - SaLiBom","description":"","publisher":{"@id":"https:\/\/salibom.com.br\/edicao2025\/#organization"},"potentialAction":[{"@type":"SearchAction","target":{"@type":"EntryPoint","urlTemplate":"https:\/\/salibom.com.br\/edicao2025\/?s={search_term_string}"},"query-input":{"@type":"PropertyValueSpecification","valueRequired":true,"valueName":"search_term_string"}}],"inLanguage":"pt-BR"},{"@type":"Organization","@id":"https:\/\/salibom.com.br\/edicao2025\/#organization","name":"7\u00ba Sal\u00e3o do Livro de Bom Jesus - SaLiBom","url":"https:\/\/salibom.com.br\/edicao2025\/","logo":{"@type":"ImageObject","inLanguage":"pt-BR","@id":"https:\/\/salibom.com.br\/edicao2025\/#\/schema\/logo\/image\/","url":"https:\/\/salibom.com.br\/edicao2025\/wp-content\/uploads\/2025\/10\/cropped-SaLiBom-2025-logomarca1-1-1.webp","contentUrl":"https:\/\/salibom.com.br\/edicao2025\/wp-content\/uploads\/2025\/10\/cropped-SaLiBom-2025-logomarca1-1-1.webp","width":514,"height":400,"caption":"7\u00ba Sal\u00e3o do Livro de Bom Jesus - SaLiBom"},"image":{"@id":"https:\/\/salibom.com.br\/edicao2025\/#\/schema\/logo\/image\/"}}]}},"_links":{"self":[{"href":"https:\/\/salibom.com.br\/edicao2025\/wp-json\/wp\/v2\/pages\/34","targetHints":{"allow":["GET"]}}],"collection":[{"href":"https:\/\/salibom.com.br\/edicao2025\/wp-json\/wp\/v2\/pages"}],"about":[{"href":"https:\/\/salibom.com.br\/edicao2025\/wp-json\/wp\/v2\/types\/page"}],"author":[{"embeddable":true,"href":"https:\/\/salibom.com.br\/edicao2025\/wp-json\/wp\/v2\/users\/1"}],"replies":[{"embeddable":true,"href":"https:\/\/salibom.com.br\/edicao2025\/wp-json\/wp\/v2\/comments?post=34"}],"version-history":[{"count":3,"href":"https:\/\/salibom.com.br\/edicao2025\/wp-json\/wp\/v2\/pages\/34\/revisions"}],"predecessor-version":[{"id":215,"href":"https:\/\/salibom.com.br\/edicao2025\/wp-json\/wp\/v2\/pages\/34\/revisions\/215"}],"wp:attachment":[{"href":"https:\/\/salibom.com.br\/edicao2025\/wp-json\/wp\/v2\/media?parent=34"}],"curies":[{"name":"wp","href":"https:\/\/api.w.org\/{rel}","templated":true}]}}